 is -1233112513 (base 6) in base 2?
-110111000010000100011101
What is -47ae8f (base 16) in base 15?
-62bdcd
What is -12340300 (base 5) in base 3?
-20011102112
What is -220201220212 (base 3) in base 4?
-1312320002
-18882 (base 10) to base 9
-27810
Convert -1011020212121 (base 3) to base 11.
-390219
What is 11438192 (base 10) in base 5?
10412010232
What is -4151c (base 16) in base 11?
-173016
Convert -2110100011 (base 4) to base 12.
-2534b1
What is -10001100110011000101111 (base 2) in base 7?
-54133650
Convert 24422213 (base 5) to base 12.
b2888
Convert 52794 (base 11) to base 2.
10010110000010001
What is 13638732 (base 10) in base 13?
2a96b73
Convert b9749 (base 14) to base 13.
129311
204231132 (base 6) to base 12
123b4a8
Convert -3072132 (base 8) to base 2.
-11000111010001011010
Convert 12b39a (base 13) to base 6.
13414120
25050 (base 9) to base 14
61ac
111311123232 (base 4) to base 13
125541c
What is -a75b4 (base 12) in base 8?
-656230
Convert -19fbb9 (base 16) to base 3.
-10012111212012
Convert -155251151 (base 6) to base 4.
-30232023223
Convert -3402420 (base 5) to base 8.
-164527
Convert -3b29b5 (base 12) to base 11.
-609998
Convert -53016030 (base 7) to base 13.
-c08c19
Convert 27658 (base 12) to base 15.
11235
What is -803131 (base 11) in base 3?
-2102200001110
1032732 (base 8) to base 11
179346
What is -100101011110111000000 (base 2) in base 13?
-34007a
Convert 56153 (base 9) to base 7.
213525
262364 (base 9) to base 12
78187
13332020110 (base 4) to base 9
3834217
What is -4810468 (base 9) in base 8?
-11740057
What is 2b3587 (base 12) in base 7?
6135301
11100001111001100110 (base 2) to base 11
5821aa
What is 1002512433 (base 6) in base 14?
14db6cd
-7717352 (base 8) to base 15
-2ae033
What is -657a9a (base 14) in base 5?
-1340042303
What is -341134130 (base 5) in base 7?
-15540221
What is -103417 (base 8) in base 5?
-2101300
Convert -225144413 (base 6) to base 7.
-50261553
82899 (base 10) to base 11
57313
What is 107e05 (base 16) in base 10?
1080837
17533521 (base 9) to base 7
134655010
Convert 21020120010000 (base 3) to base 6.
214300213
What is 4433 (base 12) in base 2?
1110101100111
Convert 3232001323 (base 4) to base 15.
143d31
1201200334 (base 5) to base 9
5160884
Convert 722b (base 13) to base 15.
4a04
What is 2231242 (base 5) in base 13?
15020
-2001102010 (base 3) to base 12
-1b463
Convert -a4151 (base 11) to base 12.
-73ab3
62210 (base 9) to base 6
513443
-408684 (base 10) to base 16
-63c6c
What is 2bce5b (base 16) in base 3?
12101212002201
-79b64 (base 13) to base 12
-a8321
3450443 (base 6) to base 3
100000210100
Convert 3a23ac (base 14) to base 16.
1e9394
a2ff2e (base 16) to base 13
22a0206
1467 (base 14) to base 16
e23
-111001000111001001010 (base 2) to base 7
-21623035
What is 113514430 (base 6) in base 8?
10125062
What is -7c4d06 (base 15) in base 13?
-12cc63c
-909d7 (base 14) to base 6
-11241413
-4219a (base 11) to base 5
-3431311
75b50 (base 14) to base 2
1000101100010111010
15c308 (base 14) to base 15
101303
1031232201 (base 4) to base 9
534643
-12300361 (base 7) to base 3
-2002100212211
What is a2767 (base 13) in base 6?
10124252
Convert 51455 (base 8) to base 9.
32178
What is -1b4138 (base 16) in base 4?
-12310010320
Convert 88759 (base 11) to base 12.
6257b
What is 1101121012 (base 4) in base 10?
333382
What is 62a5d (base 16) in base 7?
3302010
What is 348638 (base 10) in base 8?
1250736
What is -1b03a1 (base 12) in base 4?
-1310210221
Convert -2407722 (base 8) to base 2.
-10100000111111010010
-1155465 (base 7) to base 16
-243c3
-1416436 (base 7) to base 4
-232101313
What is -65027 (base 8) in base 13?
-c492
Convert 3361818 (base 10) to base 7.
40401135
-1174599 (base 13) to base 3
-101011202002110
20012021021001 (base 3) to base 5
1320323404
What is 1121222111200 (base 3) in base 5?
210200232
-33512442 (base 6) to base 7
-11450243
What is -132433 (base 12) in base 5?
-40040421
-19574a9 (base 12) to base 5
-2331420303
What is 33313225 (base 6) in base 13?
292673
What is -10cd837 (base 14) in base 15?
-a8892c
What is -111330030 (base 4) in base 2?
-10101111100001100
b88e3 (base 15) to base 12
243080
Convert 535554502 (base 6) to base 16.
913a06
Convert -213045454 (base 7) to base 2.
-110000100000111001001110
What is 1402612 (base 7) in base 6?
3552254
1121423 (base 5) to base 12
b866
102191 (base 10) to base 13
3768b
Convert -37304305 (base 9) to base 12.
-6140b35
3113301113 (base 4) to base 7
10340450
6965770 (base 10) to base 6
405144534
Convert -1040023103 (base 5) to base 2.
-1000101001100010001110
16bab (base 15) to base 16
11f27
-12102302133 (base 4) to base 6
-55210023
Convert -2738303 (base 9) to base 12.
-605256
Convert -7b27 (base 12) to base 3.
-200210211
Convert 1055877 (base 9) to base 12.
235081
-1452006 (base 11) to base 14
-48c062
-5423010 (base 7) to base 6
-22101343
Convert 112001312212 (base 4) to base 13.
1272622
-2021212200201 (base 3) to base 7
-13231555
5468771 (base 10) to base 3
101021211202002
What is 95409 (base 13) in base 7?
2166303
Convert 1114343413 (base 6) to base 5.
11114100220
What is 301041444 (base 5) in base 14?
22da9b
Convert 1c655 (base 13) to base 15.
118de
564b (base 12) to base 3
111010012
504544 (base 7) to base 11
59415
What is 1245510 (base 7) in base 12?
7a296
Convert 323201301 (base 5) to base 11.
8639a5
Convert 150122142 (base 6) to base 15.
410908
-18d37 (base 16) to base 11
-6a443
What is 10570 (base 10) in base 16?
294a
What is -2200002011121 (base 3) in base 13?
-3a8a03
What is 41629 (base 10) in base 14?
11257
Convert -814079 (base 10) to base 16.
-c6bff
1231256 (base 7) to base 9
262028
-18cbf8 (base 16) to base 14
-304332
What is 211144 (base 9) in base 2?
11110101001000101
Convert -142152526 (base 7) to base 8.
-43443002
Convert 22033021 (base 4) to base 9.
63457
What is 1942c33 (base 14) in base 6?
1124332113
What is -3324311 (base 5) in base 7?
-331222
-51652 (base 8) to base 6
-243054
What is 101011001101111001 (base 2) in base 6?
3443305
-1e828 (base 15) to base 5
-11142323
Convert -2264352 (base 8) to base 7.
-5145623
Convert -132517 (base 9) to base 12.
-3a797
What is 4a9e88 (base 15) in base 6?
204402015
What is 5c737 (base 13) in base 11?
107028
Convert -2167546 (base 8) to base 13.
-1766c2
What is 2cc54c (base 14) in base 16?
17f738
What is -9c6b6b (base 13) in base 14?
-6c42dd
Convert -78047 (base 10) to base 4.
-103003133
What is 212b4b7 (base 12) in base 14?
b974dd
Convert -14246254 (base 8) to base 11.
-1907465
343905 (base 15) to base 16
26096c
What is 211224 (base 7) in base 5?
2131344
Convert 6110334 (base 7) to base 9.
1324800
What is -101110010110101001 (base 2) in base 15?
-3b3ca
What is 31020 (base 9) in base 2?
100111111001110
-1013211222 (base 4) to base 7
-2330613
114130150 (base 6) to base 8
10166522
What is -724780 (base 9) in base 14?
-b29da
210132 (base 7) to base 9
54446
What is 3506267 (base 9) in base 6?
104333141
What is -113424013 (base 5) in base 6?
-15205055
What is -1001000011111101101 (base 2) in base 10?
-296941
What is 111010011001110001101 (base 2) in base 16?
1d338d
What is -111110111000101100101 (base 2) in base 13?
-571c22
Convert 13223003 (base 4) to base 2.
111101011000011
What is -9299771 (base 10) in base 4?
-203132130323
Convert -307197 (base 15) to base 14.
-43cd6d
Convert -acb875 (base 13) to base 8.
-17443175
Convert 32044 (base 13) to base 12.
441b1
What is -2059a0 (base 11) in base 15?
-67b71
What is -15807 (base 11) in base 6?
-251035
What is 15241350 (base 7) in base 12?
5a23a3
What is 211033223 (base 4) in base 6?
3134135
Convert -5336075 (base 9) to base 6.
-141133405
Convert -1960a (base 16) to base 13.
-3840b
579162 (base 10) to base 7
4631343
Convert -16045 (base 7) to base 8.
-10614
-1002132103 (base 4) to base 5
-32203100
-2472464 (base 9) to base 16
-148d1d
Convert 222102110222 (base 3) to base 7.
4264256
Convert 2323322411 (base 5) to base 4.
110030003013
Convert -24854 (base 13) to base 5.
-4123311
Convert 11210120022 (base 3) to base 13.
33cb9
Convert -13433254 (base 6) to base 16.
-6f3e2
-10010101100001001 (base 2) to base 15
-17a38
Convert 113134012 (base 5) to base 10.
521132
What is 13653462 (base 7) in base 16?
13b16e
Convert 673571 (base 8) to base 9.
375576
Convert -2320311130 (base 5) t